e -5 - ((45 - 50) + -1 + 2).
-1
Evaluate (-10 - -7) + 0 - -7 - 1.
3
2 + -11 + (6 - (-2 + 1))
-2
What is the value of 6 + -10 - (0 - -4 - 3)?
-5
Evaluate 3 + 1 - 4 - 3.
-3
Evaluate 3 - (-1 - (0 + -3)).
1
Calculate 24 - 25 - (3 + -5 + -9).
10
Calculate -4 + -2 + 12 + (0 - 6).
0
What is the value of -18 + 4 + 9 + (1 - -3)?
-1
Evaluate 6 + -2 + 2 - 3.
3
Calculate -5 - (7 + -7 + -4).
-1
Evaluate 6 + (0 - -6) + -11.
1
What is the value of 4 - 5 - ((-2 - 2) + 0)?
3
What is the value of 7 - (-1 + -1) - (0 + 5)?
4
5 - ((2 - -3) + -10) - 2
8
What is the value of 1 - 1 - (3 + -2)?
-1
Evaluate -9 + -5 + (7 - 0).
-7
-4 - (-2 + (-4 - -3))
-1
-7 + -2 - (-45 + 42)
-6
What is 4 + 1 + -9 - 1?
-5
What is the value of 2 - (5 + 0 + -20 + 13)?
4
What is -6 - (-1 + -4 - -1) - -7?
5
What is the value of 0 + 0 + -3 - 1?
-4
-7 + 11 + 6 - 4
6
What is 0 + (-8 - -16 - (1 - -6))?
1
Evaluate 17 + -9 + -14 + 4 + 0.
-2
What is 2 + -7 - (-6 + (3 - 1))?
-1
Calculate -4 - (1 - 4 - 0).
-1
Evaluate -2 + (6 - 11 - (-6 + -1)).
0
What is the value of 6 + -2 + (3 + -4 - -2)?
5
What is 15 - 21 - (2 - 8)?
0
0 + -6 + 2 + -3 - -8
1
What is the value of (7 - (10 + -6)) + -8?
-5
Calculate -1 + -1 + (-6 - -6).
-2
-2 + (-2 + 1 - -1) + 1
-1
What is the value of 2 + (3 - (-4 - -6))?
3
What is the value of -1 - 2 - (-2 + (3 - 0))?
-4
Evaluate 12 + -15 - (1 - -1).
-5
Calculate 3 - (-3 + 6 - (12 + -5)).
7
What is -7 - (-6 + (2 - -3))?
-6
-11 - -11 - (-1 + 2)
-1
What is -5 + -2 + (6 - 2)?
-3
Evaluate 2 - (-1 - (2 - 0)).
5
Calculate (-1 - -6) + -4 - (5 + 1).
-5
What is the value of -2 + (11 - (17 + -13))?
5
What is the value of 7 + (12 - 2) + -12?
5
Evaluate 2 + -3 + (-3 - -2).
-2
Evaluate -6 + (2 - -2 - (-1 + 3)).
-4
Evaluate 4 + 7 + -4 + -7.
0
What is the value of -5 - ((6 - 3 - 9) + 2)?
-1
Evaluate -2 + (-5 - (3 + -12)).
2
Evaluate (5 - 8) + (0 + -3 - -11).
5
Evaluate -4 + -1 + (0 + 3 - -1).
-1
(0 - -10) + -10 - 4
-4
Calculate -3 - (-2 + -5 - -4).
0
What is the value of 7 - (13 + -4 + 7)?
-9
0 + 0 + 0 - (-11 + 15)
-4
1 + -8 + -1 + (49 - 51)
-10
What is 1 - -6 - (53 + -40)?
-6
2 + 0 - (-10 + 12)
0
Evaluate -3 - (4 + (-14 - -3)).
4
Calculate 6 + -12 - -1 - (-2 + -1).
-2
Evaluate 1 - (-1 - 1) - 5.
-2
Evaluate -3 + 5 + (-3 - -1).
0
Calculate -1 + 18 + -22 + 0 + 4.
-1
What is (1 - 3) + 8 + -2?
4
What is the value of 3 + -3 + (4 - -1) + -3?
2
(2 - 4) + 8 + (-9 - 0)
-3
What is the value of -3 - (3 + 0 - 3) - -8?
5
Evaluate 3 + -6 + 7 - (0 - -1).
3
Calculate -1 + 3 - (36 + -35).
1
Evaluate -8 + 8 + (-1 - -5) - 4.
0
7 + -1 + (-4 - 1)
1
What is the value of 5 - (2 + (1 + -2 - -3))?
1
What is 3 - (6 - (-1 - 0))?
-4
What is the value of 5 + (4 - -1) + -1 - 4?
5
What is the value of (5 - -1) + (-1 - 3) + 3?
5
What is (-7 - -9) + 2 + -6 - -4?
2
What is the value of -2 + -2 + 39 + -38?
-3
Calculate 3 + (-13 + 7 - 0).
-3
Evaluate 1 + 5 + -4 + 8.
10
Evaluate (11 - 13) + -3 + 2.
-3
What is the value of 9 + (-7 - 5) + (-1 - 2)?
-6
What is the value of 1 - (-7 - (6 - 14))?
0
Evaluate 7 + (8 - 19 - -1).
-3
What is the value of (0 - (0 - -1)) + -28 + 28?
-1
What is 4 - (-3 + 5 + 2 + -4)?
4
Calculate -4 + 2 - (-2 + -2) - 3.
-1
What is the value of 5 - (-4 - -5 - -1)?
3
Calculate -1 + ((-6 - -4) + 5 - -2).
4
Evaluate -4 + (-2 - 2) + 4.
-4
-22 - -23 - (-4 + 1)
4
Evaluate (2 - (0 + -2)) + (-2 - 1).
1
What is -1 - 3 - -4 - 4?
-4
4 + -3 + 4 - (2 + 1)
2
What is (-2 - -3) + (-2 - 1) + 1?
-1
What is the value of 4 + -1 + 2 - (1 + 10)?
-6
(-7 - -5) + 2 + 3
3
Evaluate -3 - (1 - (-2 - -1)).
-5
What is 5 - 1 - (34 + -33)?
3
Calculate -5 - (-3 - 0 - -3).
-5
7 - (6 + -6 + -2 + 3)
6
Calculate 8 + -5 + 2 + -1.
4
4 + (4 - -3) + -3 + -3
5
Calculate 22 - 25 - (-4 - (-3 - 3)).
-5
Evaluate -19 - -13 - (-4 - 5).
3
Evaluate -5 - -2 - (8 - 12) - -5.
6
-29 - -28 - (1 - 0 - -5)
-7
(-17 - -12) + (-1 - -8)
2
4 - (-4 + (7 - 0))
1
Evaluate 40 + -33 + (1 - 3).
5
-2 - (3 + -7) - 5
-3
What is 1 - (-9 - (7 - 14))?
3
What is the value of (11 - (-2 - -7)) + -13?
-7
What is the value of -5 - (-1 + -5) - -3?
4
Calculate (10 - 6 - 1) + 0 + -3.
0
What is the value of (-7 - -5) + (-1 - -11)?
8
What is 2 - (4 + -4 + (3 - 2))?
1
What is the value of (4 - -2) + 11 + -17 + 5?
5
Calculate -1 + (-4 + 2 - (1 + -3)).
-1
Evaluate -1 + 1 - (-1 - 2).
3
Evaluate (1 - 3 - 2) + 21 + -19.
-2
-3 + 0 + 6 - 7
-4
What is (-4 - -5) + -5 + 5?
1
Calculate -2 + 0 - (0 - 3).
1
(0 + 2 - -2) + (3 - 5)
2
0 - (0 + (4 - 6 - 2))
4
Calculate -1 - (7 + (-6 - -1)).
-3
What is the value of 116 + -118 + (5 + -1 - -1)?
3
-1 + (-1 - 3) + 5
0
What is the value of -22 + (-2 - -20) + 0 + -2?
-6
Evaluate 2 + (17 - 12) + (-5 - -1).
3
Evaluate -1 + (0 - (-3 - (4 - 2))).
4
What is the value of -1 + (3 - -8) + -2?
8
Calculate (6 - 2) + (-17 - -8).
-5
What is 12 + -9 - (13 - 7)?
-3
Calculate -1 + 2 + -1 + -2.
-2
(5 - 2) + -3 - 1 - -1
0
Calculate -1 - (2 + 1 + -1).
-3
What is the value of 1 + 1 - 1 - (100 + -105)?
6
What is the value of (-2 - 5) + (-8 - -26 - 7)?
4
(102 - 104) + (0 - -4) + 1
3
4 - ((2 - (-3 - -2)) + 3)
-2
(7 - 9) + 1 + (-2 - 2)
-5
What is the value of 0 + (-2 + -1 - 2)?
-5
What is the value of 11 + (3 + -5 + 6 - 9)?
6
Evaluate -6 - ((2 + -3 - 0) + -1).
-4
What is the value of -2 + -1 + (13 - 5)?
5
Evaluate (-11 - -11) + (1 - (7 - 1)).
-5
1 - -3 - (26 + -25)
3
What is -41 - -43 - ((-2 - -4) + 6)?
-6
What is the value of -1 - -9 - (-64 - -76)?
-4
What is 0 + 1 - 6 - (2 - 8)?
1
What is the value of (-1 - (-4 - -4)) + (-3 - 1)?
-5
Evaluate -6 + 18 + (-1 + -3 - 3).
5
What is 5 - (-1 + -6 + 2 + 6)?
4
What is 1 + 2 - -4 - 10?
-3
(4 - 6) + (-2 - -2) + -2
-4
Evaluate -2 + 6 - (0 - -1).
3
What is the value of -8 + -5 + 2 - -8?
-3
Evaluate 6 + 1 + 0 - (2 + 1).
4
What is the value of 3 + -2 + 0 + -9 + 13?
5
What is the value of (-2 - 2) + (3 + -8 - -13)?
4
What is the value of -4 + 6 + 5 + -1 + -2?
4
Calculate 2 - 8 - (3 + -12).
3
(5 - 6) + (-3 + 2 - 3)
-5
(5 - 3 - 3) + 6
5
What is the value of 7 + (-13 - (-6 + -5 + 3))?
2
0 - ((4 - 16) + 8)
4
Calculate -6 + -1 + (4 - -1).
-2
Calculate 1 + -4 + (0 - 1).
-4
Evaluate 4 - (-6 - (-3 + -4)).
3
-1 + 4 + -5 - 1
-3
What is 8 + -8 + (-12 - -12)?
0
Evaluate 1 + -7 + 11 + -2 + 2.
5
What is the value of 0 + (-2 - -2) + -5 - -7?
2
What is the value of (-6 - -11) + 8 - 21?
-8
Evaluate 0 + 4 - (-6 + -8 + 16).
2
What is the value of 7 + 8 + -17 + 10?
8
4 - (-11 + 9 + 10)
-4
Evaluate 5 + 7 + -18 - -8.
2
What is (0 - 0) + 15 + (0 - 9)?
6
Evaluate 9 - 2 - (11 - 0).
-4
-8 + 12 - (1 + 0)
3
Evaluate -5 + 6 + -1 + 0 + 3.
3
-1 - ((-13 - -5) + 2 - -2)
3
-4 - (-3 - 0 - (1 + -3))
-3
Evaluate 8 + (-3 - -6) + -20 + 12.
3
Evaluate (0 - 8) + 11 + -10.
-7
Evaluate 2 - 2 - (-11 + 6) - 9.
-4
What is the value of -169 + 170 + -6 + 0?
-5
-5 - (-1 - 1) - -8
5
Calculate -3 + 12 + -2 + 4.
11
What is (0 - -3) + -73 + 73?
3
5 + -6 + (3 - 3) - -3
2
Evaluate 2 + 3 + (-2 - 5).
-2
-17 + (-12 - (13 - 32))
-10
Calculate 4 - 9 - (0 - 0).
-5
(-4 - (-4 - 3)) + (-5 - -3)
1
Evaluate 9 + -2 + -5 + 6 + -2.
6
Calculate (7 - 7) + (-6 - (-1 + -1)).
-4
Evaluate 15 - (-1 - (-3 + -6)).
7
Evaluate 2 - (1 + -4 + -8 + 9).
4
What is -15 + 10 + (6 - 6)?
-5
What is the value of -11 + 11 + (4 - 3 - 3)?
-2
Calculate -7 + (0 - (3 - -1) - -8).
-3
What is 12 + -6 + -11 + -1?
-6
What is (14 - 1) + (-5 - (-4 + 5))?
7
What is the value of (100 - 92) + 1 + -7?
2
Evaluate 4 - (2 - 0) - 6.
-4
What is the value of -23 + 21 - (-1 + 3)?
-4
Evaluate 4 - 6 - (32 + -28).
-6
What is -1 - (-1 + 4 + -2 - -3)?
-5
What is (0 - 6) + (1 - (-6 + 3))?
-2
What is 5 + -1 - (1 - 0)?
3
-8 + -2 + (-4 - -8)
-6
Calculate 7 + (2 + -4 - (-2 + 4)).
3
(1 - (5 + (-1 - -1))) + 7
3
Evaluate -1 - 2 - (-31 - -29).
-1
Evaluate 8 + (-4 + -2 - 0).
2
Evaluate 5 + (1 - (-6 + 8) - 2).
2
7 - (4 + -4 + 2)
5
Evaluate 2 + (0 - (9 - 7)).
0
What is 12 + -2 + -12 + -6?
-8
What is 4 + -7 + (-5 - -4 - -4)?
0
What is 2 + 1 + 0 + (-1 - 1)?
1
0 + 2 + 0 - (41 + -42)
3
Evaluate -2 - -8 - 5 - (-1 - -6).
-4
What is -7 - (-11 + 10 + -15)?
9
-12 - (-7 + -2) - -1
-2
What is (4 - (4 + -8)) + -15?
-7
Calculate -72 - -74 - (0 + -2 + 1).
3
Calculate 2 + -2 - (2 + 1 + 2).
-5
Evaluate -1 + 3 + 1 + 11 + -8.
6
What is the value of -1 + (-3 - -8) + 0?
4
Calculate -3 - (-2 - (-6 + 4 + 6)).
3
-1 + 3 - (1 - 3)
4
-13 - (-7 - (-3 - -2))
-7
Evaluate (-2 + 7 - -9) + -7.
7
Evaluate 2 - ((2 - 